{"id":850,"date":"2024-10-21T04:32:18","date_gmt":"2024-10-21T04:32:18","guid":{"rendered":"https:\/\/langannhien.net\/?post_type=product&#038;p=850"},"modified":"2024-10-21T04:32:18","modified_gmt":"2024-10-21T04:32:18","slug":"nuoc-hoa-be-tree-lang-an-nhien-10ml","status":"publish","type":"product","link":"https:\/\/langannhien.net\/?product=nuoc-hoa-be-tree-lang-an-nhien-10ml","title":{"rendered":"N\u01b0\u1edbc Hoa Be Tree L\u00e0ng An Nhi\u00ean 10ml"},"content":{"rendered":"<p><strong>N\u01af\u1edaC HOA BE TREE MANG H\u01a0I TH\u1ede C\u1ee6A CH\u00c0NG TRAI CU\u1ed0N H\u00daT<\/strong><\/p>\n<p>H\u01b0\u01a1ng th\u01a1m tinh t\u1ebf, nam t\u00ednh\u00a0c\u1ee7a Be Tree ch\u1ec9 c\u1ea7n m\u1ed9t l\u1ea7n tho\u1ea3ng qua c\u0169ng \u0111\u1ee7 khi\u1ebfn ng\u01b0\u1eddi ta da di\u1ebft v\u00e0 ho\u00e0i ni\u1ec7m. \u0110\u00e2y l\u00e0 h\u01b0\u01a1ng th\u01a1m c\u1ee7a s\u1ef1 tinh t\u1ebf, s\u00e2u s\u1eafc v\u00e0 n\u1ed3ng n\u00e0n, d\u00f9 cho \u0111\u00e3 t\u1eebng ch\u00ecm v\u00e0o t\u1ea7ng s\u00e2u c\u1ee7a tr\u00ed nh\u1edb v\u00e0 b\u1ecb ch\u00f4n v\u00f9i b\u1edfi n\u0103m th\u00e1ng. N\u1ebfu b\u1ea1n l\u00e0 m\u1ed9t ch\u00e0ng trai nam t\u00ednh, l\u00f4i cu\u1ed1n, t\u00e2m l\u00fd v\u00e0 \u0111\u1ea7y s\u1ef1 ga l\u0103ng, th\u00ec \u0111\u00e2y ch\u00ednh l\u00e0 l\u1ef1a ch\u1ecdn ch\u00ednh x\u00e1c nh\u1ea5t.<\/p>\n<p><img loading=\"lazy\" decoding=\"async\" class=\"aligncenter size-full wp-image-851\" src=\"http:\/\/langannhien.net\/wp-content\/uploads\/2024\/10\/7.png\" alt=\"\" width=\"1200\" height=\"1200\" srcset=\"https:\/\/langannhien.net\/wp-content\/uploads\/2024\/10\/7.png 1200w, https:\/\/langannhien.net\/wp-content\/uploads\/2024\/10\/7-300x300.png 300w, https:\/\/langannhien.net\/wp-content\/uploads\/2024\/10\/7-1024x1024.png 1024w, https:\/\/langannhien.net\/wp-content\/uploads\/2024\/10\/7-150x150.png 150w, https:\/\/langannhien.net\/wp-content\/uploads\/2024\/10\/7-768x768.png 768w, https:\/\/langannhien.net\/wp-content\/uploads\/2024\/10\/7-600x600.png 600w, https:\/\/langannhien.net\/wp-content\/uploads\/2024\/10\/7-100x100.png 100w\" sizes=\"auto, (max-width: 1200px) 100vw, 1200px\" \/> H\u01b0\u01a1ng n\u01b0\u1edbc hoa thay \u0111\u1ed5i v\u1edbi 3 t\u1ea7ng h\u01b0\u01a1ng n\u1ed1i ti\u1ebfp:<\/p>\n<p>&#8211; T\u1ea7ng \u0111\u1ea7u: Fruity (tr\u00e1i c\u00e2y) Chi\u1ebft xu\u1ea5t t\u1eeb c\u00e1c lo\u1ea1i qu\u1ea3 , m\u00f9i h\u01b0\u01a1ng \u0111em l\u1ea1i c\u1ea3m gi\u00e1c s\u1ed1ng \u0111\u1ed9ng, m\u00e1t m\u1ebb.<br \/>\n&#8211; T\u1ea7ng gi\u1eefa: White Flower (h\u01b0\u01a1ng hoa tr\u1eafng) h\u1ed9i t\u1ee5 c\u00e1c lo\u1ea1i hoa n\u00e0y t\u1ea1o c\u1ea3m gi\u00e1c quy\u1ebfn r\u0169 , s\u00e2u s\u1eafc v\u00e0 kh\u00e1 n\u1ed3ng n\u00e0n&#8230; nh\u01b0 hoa s\u1ee9 , hoa nh\u00e0i t\u00e2y , hoa d\u00e0nh d\u00e0nh , hoa hu\u1ec7 , hoa cam.<br \/>\n&#8211; T\u1ea7ng cu\u1ed1i: X\u1ea1 h\u01b0\u01a1ng \u1ea5m \u00e1p, tr\u1ea7m l\u1eafng, nam t\u00ednh\u00a0v\u00e0 l\u01b0u h\u01b0\u01a1ng l\u00e2u.<\/p>\n<p><strong>H\u01b0\u1edbng d\u1eabn s\u1eed d\u1ee5ng:<\/strong><br \/>\n&#8211; Thoa n\u01b0\u1edbc hoa v\u00e0o c\u00e1c \u0111i\u1ec3m m\u1ea1ch \u0111\u1eadp.<br \/>\n&#8211; Gi\u1eef c\u00e1ch th\u00e2n kho\u1ea3ng 8cm v\u00e0 x\u1ecbt l\u00ean c\u01a1 th\u1ec3.<br \/>\n&#8211; Kh\u00f4ng s\u1eed d\u1ee5ng g\u1ea7n l\u1eeda ho\u1eb7c n\u01a1i c\u00f3 nhi\u1ec7t \u0111\u1ed9 cao.<br \/>\n&#8211; Kh\u00f4ng x\u1ecbt v\u00e0o m\u1eaft.<\/p>\n<p><strong>B\u1ea3o qu\u1ea3n:<\/strong>\u00a0tr\u00e1nh \u00e1nh s\u00e1ng tr\u1ef1c ti\u1ebfp, b\u1ea3o qu\u1ea3n n\u01a1i kh\u00f4 m\u00e1t tho\u00e1ng \u0111\u00e3ng.<\/p>\n","protected":false},"excerpt":{"rendered":"<p dir=\"ltr\"><strong>Xu\u1ea5t x\u1ee9:<\/strong>\u00a0Vi\u1ec7t Nam<br \/>\n<strong>Th\u01b0\u01a1ng hi\u1ec7u:\u00a0<\/strong>L\u00e0ng An Nhi\u00ean<br \/>\n<strong>Dung t\u00edch:\u00a0<\/strong>10ml<br \/>\n<strong>H\u01b0\u01a1ng ch\u00ednh:\u00a0<\/strong>H\u01b0\u01a1ng tr\u00e1i c\u00e2y t\u01b0\u01a1i m\u00e1t v\u00e0 x\u1ea1 h\u01b0\u01a1ng l\u00f4i cu\u1ed1n.<br \/>\n<strong>Phong c\u00e1ch:<\/strong>\u00a0L\u1ecbch l\u00e3m, n\u0103ng \u0111\u1ed9ng<br \/>\n<strong>\u0110\u1ed9 l\u01b0u h\u01b0\u01a1ng:<\/strong>\u00a06 \u0111\u1ebfn 10 ti\u1ebfng<\/p>\n","protected":false},"featured_media":851,"comment_status":"open","ping_status":"closed","template":"","meta":[],"product_cat":[41,74],"product_tag":[],"class_list":{"0":"post-850","1":"product","2":"type-product","3":"status-publish","4":"has-post-thumbnail","6":"product_cat-khuyen-mai-hom-nay","7":"product_cat-nuoc-hoa","9":"first","10":"instock","11":"sale","12":"shipping-taxable","13":"purchasable","14":"product-type-simple"},"_links":{"self":[{"href":"https:\/\/langannhien.net\/index.php?rest_route=\/wp\/v2\/product\/850","targetHints":{"allow":["GET"]}}],"collection":[{"href":"https:\/\/langannhien.net\/index.php?rest_route=\/wp\/v2\/product"}],"about":[{"href":"https:\/\/langannhien.net\/index.php?rest_route=\/wp\/v2\/types\/product"}],"replies":[{"embeddable":true,"href":"https:\/\/langannhien.net\/index.php?rest_route=%2Fwp%2Fv2%2Fcomments&post=850"}],"wp:featuredmedia":[{"embeddable":true,"href":"https:\/\/langannhien.net\/index.php?rest_route=\/wp\/v2\/media\/851"}],"wp:attachment":[{"href":"https:\/\/langannhien.net\/index.php?rest_route=%2Fwp%2Fv2%2Fmedia&parent=850"}],"wp:term":[{"taxonomy":"product_cat","embeddable":true,"href":"https:\/\/langannhien.net\/index.php?rest_route=%2Fwp%2Fv2%2Fproduct_cat&post=850"},{"taxonomy":"product_tag","embeddable":true,"href":"https:\/\/langannhien.net\/index.php?rest_route=%2Fwp%2Fv2%2Fproduct_tag&post=850"}],"curies":[{"name":"wp","href":"https:\/\/api.w.org\/{rel}","templated":true}]}}